est common divisor of 140 and f.
5
Let m be (45/(-60))/((-1)/12). Suppose -360 = m*f - 13*f. Calculate the greatest common factor of 20 and f.
10
Let o be ((34/170)/(1/(-6)))/(18/(-480)). Calculate the greatest common factor of 4088 and o.
8
Suppose 11*t = 7*t, 2*m - 130 = -4*t. Let q(s) = -s + 15. Let k be q(20). Let r = 31 + k. Calculate the highest common divisor of m and r.
13
Let c = 102 + -283. Let a = 215 + c. Calculate the highest common divisor of a and 544.
34
Let i(u) = -87*u - 1047. Let r be i(-13). Calculate the greatest common factor of r and 1911.
21
Suppose -5*u + 197690 = 48*u - 43*u. Calculate the greatest common factor of u and 53.
53
Let z(p) = -p**2 - 6*p + 9. Let u = 159 + -159. Let j be z(u). Calculate the highest common divisor of j and 33.
3
Suppose 35421 + 406779 = 46*i + 20*i. Calculate the highest common divisor of 100 and i.
100
Suppose k + 2215 = 5*s, -86*s + 83*s - k + 1329 = 0. Let m = 460 - s. What is the greatest common divisor of m and 527?
17
Suppose 0 = -2532*p + 2511*p + 6405. Calculate the greatest common factor of p and 549.
61
Suppose 190*z = -373*z + 228578. Calculate the highest common divisor of 490 and z.
14
Let q = -4309 - -5212. Calculate the highest common factor of 1032 and q.
129
Let i(p) = 91*p**2 - 111*p + 243. Let k be i(3). Suppose 0*b - b + 9 = 0. What is the greatest common factor of k and b?
9
Suppose -4*n + 147 = -3*i, -3*n + 166 = 3*i + 40. Suppose -3*k + 1282 = o, 3*k + o = -o + 1277. Calculate the greatest common divisor of k and n.
39
Suppose -2*z - 153 + 209 = 0. Calculate the highest common factor of 11200 and z.
28
Let l be (-1)/((-1)/(0 - -20)). Let p be (-20)/(-3)*36/l. Let s be 284/p + (-6)/9. Calculate the highest common factor of s and 46.
23
Let p = -63 - -68. Suppose p*t - 2*m = 2 + 8, m - 9 = -t. Let f be (-587)/(-15) + 186/(-45) + t. What is the highest common divisor of f and 117?
39
Let o(u) = 2*u**3 + 61*u**2 + 460*u - 22. Let x be o(-14). What is the highest common divisor of x and 567?
3
Suppose -5*s = v - 65, -4*s + v + 39 = -4. Let j be 1257/15 + 4/(-20)*-1. Calculate the greatest common divisor of j and s.
12
Suppose -5*b + 3*v = 83 - 1132, 5*b = -v + 1037. What is the greatest common divisor of b and 936?
104
Suppose -1000 = 23*v - 1483. What is the highest common divisor of v and 2163?
21
Suppose -15 = 2*a - 5*w, 6*w = -2*a + 7*w + 5. Suppose 0 = -3*m + 2*j + 20, -a*j = m - 25 - 10. What is the greatest common divisor of 110 and m?
10
Suppose -t = -3*z + 102, 0 = t + t. Let k(g) = 91*g - 74. Let h be k(1). Calculate the highest common factor of h and z.
17
Let a(z) = 3*z + 44. Let c be a(12). Let u = 82 - c. Suppose 3*v = -n + 107, -141 = -4*v - u*n + n. What is the greatest common factor of 68 and v?
34
Suppose 0 = -4*j + 2*f - 22, -2*j = -2*f - 3*f + 23. Let y be 1/((-5)/20)*j. Calculate the greatest common divisor of y and 12.
4
Suppose -19*t - 195 = -23*t - 3*f, -246 = -5*t - 3*f. Calculate the highest common divisor of 969 and t.
51
Suppose -11879 - 11952 - 8929 = -13*g. Calculate the greatest common factor of 195 and g.
15
Suppose 0 = -5*w - 65 + 10. Let g = w - -28. Let m be ((-10)/8)/(1/(-68)). Calculate the greatest common factor of m and g.
17
Let b = 16078 + -5667. Calculate the highest common divisor of b and 1436.
359
Let k be (-2 - -1)*2*-49. Let l = k + -101. Let v be l*(3 + 148/(-12)). What is the greatest common divisor of 70 and v?
14
Let r = -22541 - -22563. Calculate the greatest common divisor of 13167 and r.
11
Let z be 49003/27 + (-32)/(-432). Calculate the highest common factor of 30 and z.
15
Suppose 4*h + 1100 = 26*h. Let t be 603*10/(h/5). Calculate the greatest common factor of 67 and t.
67
Suppose -4*m + 19 = -29. Let x = 1887 - 562. Let b = 1331 - x. Calculate the greatest common divisor of b and m.
6
Suppose 6*k - 1856 = -4*r + k, 3*r - 1381 = -k. Let y be (-206)/(-4) - 25/50. What is the greatest common factor of y and r?
51
Suppose 4*o - 118 = -3*w, -o - 3*w - 2*w + 38 = 0. Let l be 1/(565/140 + -4). Let c be 1/((-1)/l*-2). Calculate the greatest common factor of c and o.
14
Let y = -206 + 356. Let c = -138 + y. What is the highest common divisor of c and 84?
12
Let o(h) = -6 - 577*h**2 + 26 + 564*h**2 + 8*h + h**3. Let n be o(13). What is the highest common factor of n and 4?
4
Suppose 0 = -3*c - 5*z - 23, -3 = 4*c - 3*z - 11. Let q(j) = j + 11. Let h be q(c). What is the greatest common factor of h and 230?
10
Suppose -8 = v - 2*v - 4*c, 48 = -5*v + 2*c. Let g be 472/32 - 2/v. Let o = 233 + -68. Calculate the greatest common divisor of o and g.
15
Suppose 29*b + 1140 = 33*b. Let i = 591 - b. What is the greatest common divisor of i and 72?
18
Let l be 1/2*(5 + -57). Let z = l - -109. What is the greatest common factor of 415 and z?
83
Let r = 11746 + -10182. What is the highest common divisor of r and 92?
92
Suppose 4*m - 4*n - 180 = 0, -4*m - n + 237 = m. Let d = m + -48. Let t be (-46)/d - (-57)/19. What is the greatest common divisor of 7 and t?
7
Let r(i) = -2*i**3 + 76*i**2 + 2*i - 19. Let l be r(38). What is the greatest common factor of 1064 and l?
19
Let a(l) = 69*l - 3877. Let i be a(73). What is the greatest common factor of i and 440?
40
Suppose -22*k + 156087 = 25*k. Calculate the highest common factor of k and 162.
81
Let j be -16 + (-32 - -18 - -249). Calculate the highest common divisor of j and 7811.
73
Let t(o) = o**2 + 64*o + 905. Let k be t(-18). Let j(y) = y**3 + 7*y**2 - 10*y + 6. Let a be j(-8). What is the highest common divisor of k and a?
11
Suppose 3*b = 2*b + 2. Let q be (3/b)/((-22)/132). Let n be (q/(-4))/(((-5)/(-40))/1). What is the greatest common factor of n and 27?
9
Let d = -680 + 662. Let p be (-30)/(6/1) + (-2 - d). Suppose 0 = 3*s + 5*o - 107, 2*o + 244 = 4*s + 58. What is the highest common divisor of s and p?
11
Let o = 281 + -278. Suppose o*z = -3*a + 108, 4*a - 3*z - 100 = 9. Calculate the highest common divisor of a and 155.
31
Let y(i) = -3*i + 2*i + 47*i**2 - 39 - 46*i**2. Let l be y(-6). Suppose 5*r - 5 = 0, -l*j + r - 4*r = -102. Calculate the greatest common factor of j and 363.
33
Let q be (-243)/(-3) + 341/(-31). Calculate the greatest common factor of 170 and q.
10
Let c = 134074 + -134060. Suppose 0 = -s - 58 + 436. What is the greatest common divisor of c and s?
14
Suppose 639 = -f - 5*z + 721, -3*f + 4*z = -379. What is the greatest common factor of f and 5148?
117
Let q(o) = -o**3 - 22*o**2 - 52*o + 22. Let k be q(-20). What is the greatest common factor of 917 and k?
131
Let g(u) = -u**3 + 8*u**2 - 15*u + 1. Let v be g(3). Suppose -2*l + 3 = v, 53 = 5*n + 3*l. Calculate the highest common factor of 430 and n.
10
Let k(t) = -t**2 - 73*t + 39. Let d be k(-73). What is the greatest common divisor of d and 481?
13
Let w = 3 - 0. Let s(v) = 5*v - 10 - 5*v**2 + v**w + 17 - 4 - 6. Let q be s(5). Calculate the greatest common factor of q and 110.
22
Suppose 144*y - 142880 = -72*y + 28*y. What is the highest common factor of 950 and y?
190
Suppose -2*x + 7*x = 0. Let s = 8 - x. Let k = 31 - s. What is the greatest common factor of k and 161?
23
Suppose 3*t = 16 + 41. Let v(d) = -7*d + 24. Let l be v(-21). What is the highest common factor of l and t?
19
Let f be -9 + 3 + (6 - 12). Let u = 309 + f. Let w = 28 - 1. What is the greatest common factor of u and w?
27
Let f be (18/(-21))/(((-220)/(-231))/(-10)). Let y(x) = 7*x**2 + 4*x - 29. Let a be y(4). What is the greatest common factor of a and f?
9
Suppose 3*j = -3, 0 = o + 2*j - 18 + 4. Let c be (-66)/54 - (-4)/18. Let r be (c*2)/((9/(-3))/6). Calculate the highest common divisor of r and o.
4
Let q = 903 + -867. Let r = 916 + -610. Calculate the highest common factor of r and q.
18
Suppose -5*v + v = -36. Let t(k) = -k**2 + 15*k - 30. Let z be t(v). Calculate the highest common factor of 16 and z.
8
Suppose v = -f + 5*v + 28, -2*f + 20 = v. Suppose 0 = -f*g - 1173 + 5169. Calculate the greatest common divisor of 37 and g.
37
Let z be ((-10)/(-8))/(3/12). Let g be z/(-10) - (-71)/2. Let s(c) = c**3 + 4*c**2 - 6*c - 14. Let l be s(-4). What is the highest common factor of l and g?
5
Let u be 1 - 67670/20*(-1 + -1). Calculate the highest common factor of 6 and u.
6
Let c be (423/(-12))/(0 + (-7)/1036). What is the highest comm